 3, 79, 433, 3433
What are the prime factors of 90051491?
1069, 84239
What are the prime factors of 42678968?
2, 673, 7927
What are the prime factors of 5067479?
17, 298087
What are the prime factors of 50786730?
2, 3, 5, 79, 2381
What are the prime factors of 636205819?
636205819
List the prime factors of 113986833.
3, 19, 105251
What are the prime factors of 46349679?
3, 15449893
What are the prime factors of 722971808?
2, 13, 67, 25939
What are the prime factors of 4040372932?
2, 17, 163, 364523
List the prime factors of 15370734.
2, 3, 19, 73, 1847
List the prime factors of 450719883.
3, 271, 20533
List the prime factors of 26981132.
2, 97, 69539
What are the prime factors of 694993357?
953, 729269
List the prime factors of 94002385.
5, 31, 37, 443
What are the prime factors of 467184613?
7, 127, 525517
List the prime factors of 19765658.
2, 11, 898439
List the prime factors of 1403729622.
2, 3, 25994993
What are the prime factors of 2056721360?
2, 5, 317, 81101
What are the prime factors of 7086706713?
3, 29, 101, 89611
List the prime factors of 2413822962.
2, 3, 17, 2053, 11527
List the prime factors of 17320041.
3, 31, 20693
List the prime factors of 85992933.
3, 13, 1429, 1543
What are the prime factors of 5327705260?
2, 5, 19, 31, 83, 5449
What are the prime factors of 2423837533?
13, 1621, 115021
List the prime factors of 1022935033.
17, 53, 1135333
List the prime factors of 162187783.
97, 179, 9341
List the prime factors of 2103433463.
251, 8380213
List the prime factors of 577960871.
127, 4550873
List the prime factors of 261918669.
3, 163, 433, 1237
List the prime factors of 4812694386.
2, 3, 23, 31, 1124987
List the prime factors of 28446092.
2, 47, 83, 1823
List the prime factors of 2933774140.
2, 5, 11, 13335337
List the prime factors of 6556672.
2, 19, 337
What are the prime factors of 901631808?
2, 3, 7, 11, 29, 701
List the prime factors of 51261765.
3, 5, 193, 17707
What are the prime factors of 1922680807?
17, 83, 1362637
List the prime factors of 4349076432.
2, 3, 1013, 89443
List the prime factors of 1999221375.
3, 5, 47, 67, 1693
List the prime factors of 594391972.
2, 19, 7820947
What are the prime factors of 568014364?
2, 31, 47, 97463
List the prime factors of 724617578.
2, 362308789
What are the prime factors of 1554623850?
2, 3, 5, 13, 97, 8219
List the prime factors of 2687760059.
23, 3167, 36899
What are the prime factors of 219255153?
3, 13, 5621927
What are the prime factors of 1576380627?
3, 175153403
What are the prime factors of 396034160?
2, 5, 4950427
What are the prime factors of 492072152?
2, 11, 13, 39103
List the prime factors of 1497402456.
2, 3, 11, 5671979
List the prime factors of 762529953.
3, 139, 1828609
What are the prime factors of 558645630?
2, 3, 5, 59, 547, 577
What are the prime factors of 53271482?
2, 11, 379, 6389
What are the prime factors of 2664183905?
5, 107, 241, 20663
List the prime factors of 383332808.
2, 47916601
List the prime factors of 42744035.
5, 17, 157, 3203
What are the prime factors of 343464386?
2, 171732193
List the prime factors of 964159703.
13, 379, 15053
List the prime factors of 314463498.
2, 3, 23, 137, 16633
What are the prime factors of 26736178?
2, 7, 61, 31307
List the prime factors of 190305954.
2, 3, 10572553
What are the prime factors of 1620434653?
29, 2693, 20749
What are the prime factors of 475247987?
475247987
What are the prime factors of 717165600?
2, 3, 5, 298819
List the prime factors of 515228830.
2, 5, 109, 472687
List the prime factors of 118080605.
5, 29, 28081
What are the prime factors of 47243047?
4721, 10007
List the prime factors of 385947415.
5, 7, 11027069
List the prime factors of 91908011.
13, 7069847
What are the prime factors of 76104187?
76104187
List the prime factors of 8852071174.
2, 4426035587
List the prime factors of 43855946.
2, 29, 227, 3331
What are the prime factors of 1174689642?
2, 3, 7, 3995543
What are the prime factors of 26561413?
61, 67, 97
List the prime factors of 592152930.
2, 3, 5, 731053
List the prime factors of 85042240.
2, 5, 265757
List the prime factors of 724458.
2, 3, 7, 47, 367
What are the prime factors of 22432378?
2, 11216189
What are the prime factors of 28077580?
2, 5, 1403879
List the prime factors of 441663067.
73, 1601, 3779
List the prime factors of 149621027.
12011, 12457
List the prime factors of 10760980.
2, 5, 538049
List the prime factors of 100326139.
41, 223, 10973
List the prime factors of 3693444923.
7, 701, 15361
List the prime factors of 456799287.
3, 7, 97, 224251
List the prime factors of 767926510.
2, 5, 13, 5907127
List the prime factors of 127562909.
29, 1871, 2351
What are the prime factors of 116848237?
11, 41, 97, 2671
What are the prime factors of 23134304?
2, 89, 8123
List the prime factors of 1829136430.
2, 5, 11, 29, 52127
List the prime factors of 175550992.
2, 1789, 6133
List the prime factors of 26987845.
5, 5397569
List the prime factors of 6606113126.
2, 37, 6199, 14401
List the prime factors of 46278123.
3, 179, 86179
List the prime factors of 2096236287.
3, 587, 132263
List the prime factors of 21623227.
2969, 7283
List the prime factors of 415125966.
2, 3, 5197, 13313
What are the prime factors of 159717873?
3, 7, 17, 26317
List the prime factors of 3623762572.
2, 743, 1219301
What are the prime factors of 1948801467?
3, 47, 53, 79, 3301
What are the prime factors of 43636991?
73, 597767
What are the prime factors of 280086966?
2, 3, 37, 420551
What are the prime factors of 1637761824?
2, 3, 5686673
List the prime factors of 15217869.
3, 31, 163633
List the prime factors of 534754575.
3, 5, 792229
List the prime factors of 516188377.
516188377
List the prime factors of 56052595.
5, 37, 61, 4967
What are the prime factors of 129867806?
2, 64933903
What are the prime factors of 347717755?
5, 7, 11, 903163
List the prime factors of 385534206.
2, 3, 19, 593, 1901
What are the prime factors of 2588772079?
47, 1579, 34883
What are the prime factors of 903054962?
2, 107, 1031, 4093
What are the prime factors of 156483571?
373, 419527
What are the prime factors of 4231274717?
113, 131, 285839
What are the prime factors of 126267113?
7, 18038159
List the prime factors of 23820908.
2, 19, 379, 827
List the prime factors of 4793210.
2, 5, 43, 71, 157
List the prime factors of 38165301.
3, 41, 293, 353
List the prime factors of 6808081110.
2, 3, 5, 173, 1311769
What are the prime factors of 50925246?
2, 3, 37, 229393
List the prime factors of 76772696.
2, 7, 11, 13, 9587
What are the prime factors of 2617746347?
67, 73, 181, 2957
What are the prime factors of 97836906?
2, 3, 41, 137, 2903
List the prime factors of 245139967.
245139967
What are the prime factors of 969499260?
2, 3, 5, 1795369
List the prime factors of 4038487.
4038487
What are the prime factors of 516391930?
2, 5, 1303, 39631
List the prime factors of 195469223.
195469223
List the prime factors of 151222618.
2, 67, 1128527
List the prime factors of 9357444.
2, 3, 3209
What are the prime factors of 1509730655?
5, 7723, 39097
List the prime factors of 25885155.
3, 5, 31, 55667
What are the prime factors of 50452215?
3, 5, 11, 305771
What are the prime factors of 3789519288?
2, 3, 109, 1448593
List the prime factors of 677881224.
2, 3, 1046113
List the prime factors of 204477391.
269, 521, 1459
List the prime factors of 22483439.
11, 29, 70481
List the prime factors of 1741954235.
5, 7, 49770121
What are the prime factors of 129039921?
3, 3727, 3847
What are the prime factors of 2209057?
67, 32971
What are the prime factors of 2016225164?
2, 37, 137, 99439
List the prime factors of 134249186.
2, 401, 167393
List the prime factors of 23647879.
809, 29231
List the prime factors of 9692914.
2, 7, 11, 113, 557
What are the prime factors of 52748722?
2, 13, 17, 131, 911
What are the prime factors of 23581932?
2, 3, 11, 109, 149
List the prime factors of 198619404.
2, 3, 37, 439, 1019
List the prime factors of 1341212058.
2, 3, 74511781
What are the prime factors of 859208095?
5, 41, 4191259
What are the prime factors of 116063082?
2, 3, 211, 30559
List the prime factors of 274036251.
3, 41, 89, 25033
What are the prime factors of 51835531?
11, 4712321
List the prime factors of 355556143.
31, 71, 161543
List the